{"id":599,"date":"2014-02-10T12:46:01","date_gmt":"2014-02-10T11:46:01","guid":{"rendered":"http:\/\/www.sukain.com\/secondaire\/?page_id=599"},"modified":"2023-09-22T11:21:15","modified_gmt":"2023-09-22T09:21:15","slug":"organisation-de-lannee-scolaire","status":"publish","type":"page","link":"https:\/\/www.sukain.be\/secondaire\/organisation-de-lannee-scolaire\/","title":{"rendered":"Agenda"},"content":{"rendered":"<p><iframe loading=\"lazy\" style=\"border-width: 0;\" src=\"https:\/\/www.google.com\/calendar\/embed?title=Agenda%20de%20l'%C3%A9cole&amp;showCalendars=0&amp;showTz=0&amp;mode=AGENDA&amp;height=600&amp;wkst=2&amp;bgcolor=%23FFFFFF&amp;src=calendrier%40sukain.be&amp;color=%232952A3&amp;ctz=Europe%2FBrussels\" width=\"755\" height=\"600\" frameborder=\"0\" scrolling=\"no\"><\/iframe><\/p>\n<h1><span style=\"color: #ff9900; font-size: 18pt;\">Les cong\u00e9s de l&rsquo;ann\u00e9e scolaire en cours:<\/span><\/h1>\n<p><span style=\"font-size: 10pt;\">La liste des cong\u00e9s scolaires l\u00e9gaux est disponible sur le site :\u00a0<a href=\"http:\/\/www.enseignement.be\/index.php?page=23953\" target=\"_blank\" rel=\"noopener noreferrer\">enseignement.be <\/a><\/span><\/p>\n","protected":false},"excerpt":{"rendered":"<p>Les cong\u00e9s de l&rsquo;ann\u00e9e scolaire en cours: La liste des cong\u00e9s scolaires l\u00e9gaux est disponible sur le site :\u00a0enseignement.be<\/p>\n","protected":false},"author":3,"featured_media":0,"parent":0,"menu_order":300,"comment_status":"closed","ping_status":"open","template":"","meta":{"footnotes":""},"folder":[],"yoast_head":"<!-- This site is optimized with the Yoast SEO plugin v20.0 - https:\/\/yoast.com\/wordpress\/plugins\/seo\/ -->\n<title>Agenda - \u00c9cole secondaire de la Sainte-Union de Kain (Tournai)<\/title>\n<meta name=\"robots\" content=\"index, follow, max-snippet:-1, max-image-preview:large, max-video-preview:-1\" \/>\n<link rel=\"canonical\" href=\"https:\/\/www.sukain.be\/secondaire\/organisation-de-lannee-scolaire\/\" \/>\n<meta property=\"og:locale\" content=\"fr_FR\" \/>\n<meta property=\"og:type\" content=\"article\" \/>\n<meta property=\"og:title\" content=\"Agenda - \u00c9cole secondaire de la Sainte-Union de Kain (Tournai)\" \/>\n<meta property=\"og:description\" content=\"Les cong\u00e9s de l&rsquo;ann\u00e9e scolaire en cours: La liste des cong\u00e9s scolaires l\u00e9gaux est disponible sur le site :\u00a0enseignement.be\" \/>\n<meta property=\"og:url\" content=\"https:\/\/www.sukain.be\/secondaire\/organisation-de-lannee-scolaire\/\" \/>\n<meta property=\"og:site_name\" content=\"\u00c9cole secondaire de la Sainte-Union de Kain (Tournai)\" \/>\n<meta property=\"article:modified_time\" content=\"2023-09-22T09:21:15+00:00\" \/>\n<meta name=\"twitter:label1\" content=\"Dur\u00e9e de lecture estim\u00e9e\" \/>\n\t<meta name=\"twitter:data1\" content=\"1 minute\" \/>\n<script type=\"application\/ld+json\" class=\"yoast-schema-graph\">{\"@context\":\"https:\/\/schema.org\",\"@graph\":[{\"@type\":\"WebPage\",\"@id\":\"https:\/\/www.sukain.be\/secondaire\/organisation-de-lannee-scolaire\/\",\"url\":\"https:\/\/www.sukain.be\/secondaire\/organisation-de-lannee-scolaire\/\",\"name\":\"Agenda - \u00c9cole secondaire de la Sainte-Union de Kain (Tournai)\",\"isPartOf\":{\"@id\":\"https:\/\/www.sukain.be\/secondaire\/#website\"},\"datePublished\":\"2014-02-10T11:46:01+00:00\",\"dateModified\":\"2023-09-22T09:21:15+00:00\",\"breadcrumb\":{\"@id\":\"https:\/\/www.sukain.be\/secondaire\/organisation-de-lannee-scolaire\/#breadcrumb\"},\"inLanguage\":\"fr-FR\",\"potentialAction\":[{\"@type\":\"ReadAction\",\"target\":[\"https:\/\/www.sukain.be\/secondaire\/organisation-de-lannee-scolaire\/\"]}]},{\"@type\":\"BreadcrumbList\",\"@id\":\"https:\/\/www.sukain.be\/secondaire\/organisation-de-lannee-scolaire\/#breadcrumb\",\"itemListElement\":[{\"@type\":\"ListItem\",\"position\":1,\"name\":\"Accueil\",\"item\":\"https:\/\/www.sukain.be\/secondaire\/\"},{\"@type\":\"ListItem\",\"position\":2,\"name\":\"Agenda\"}]},{\"@type\":\"WebSite\",\"@id\":\"https:\/\/www.sukain.be\/secondaire\/#website\",\"url\":\"https:\/\/www.sukain.be\/secondaire\/\",\"name\":\"\u00c9cole secondaire de la Sainte-Union de Kain (Tournai)\",\"description\":\"Ton avenir entre tes mains\",\"potentialAction\":[{\"@type\":\"SearchAction\",\"target\":{\"@type\":\"EntryPoint\",\"urlTemplate\":\"https:\/\/www.sukain.be\/secondaire\/?s={search_term_string}\"},\"query-input\":\"required name=search_term_string\"}],\"inLanguage\":\"fr-FR\"}]}<\/script>\n<!-- \/ Yoast SEO plugin. -->","yoast_head_json":{"title":"Agenda - \u00c9cole secondaire de la Sainte-Union de Kain (Tournai)","robots":{"index":"index","follow":"follow","max-snippet":"max-snippet:-1","max-image-preview":"max-image-preview:large","max-video-preview":"max-video-preview:-1"},"canonical":"https:\/\/www.sukain.be\/secondaire\/organisation-de-lannee-scolaire\/","og_locale":"fr_FR","og_type":"article","og_title":"Agenda - \u00c9cole secondaire de la Sainte-Union de Kain (Tournai)","og_description":"Les cong\u00e9s de l&rsquo;ann\u00e9e scolaire en cours: La liste des cong\u00e9s scolaires l\u00e9gaux est disponible sur le site :\u00a0enseignement.be","og_url":"https:\/\/www.sukain.be\/secondaire\/organisation-de-lannee-scolaire\/","og_site_name":"\u00c9cole secondaire de la Sainte-Union de Kain (Tournai)","article_modified_time":"2023-09-22T09:21:15+00:00","twitter_misc":{"Dur\u00e9e de lecture estim\u00e9e":"1 minute"},"schema":{"@context":"https:\/\/schema.org","@graph":[{"@type":"WebPage","@id":"https:\/\/www.sukain.be\/secondaire\/organisation-de-lannee-scolaire\/","url":"https:\/\/www.sukain.be\/secondaire\/organisation-de-lannee-scolaire\/","name":"Agenda - \u00c9cole secondaire de la Sainte-Union de Kain (Tournai)","isPartOf":{"@id":"https:\/\/www.sukain.be\/secondaire\/#website"},"datePublished":"2014-02-10T11:46:01+00:00","dateModified":"2023-09-22T09:21:15+00:00","breadcrumb":{"@id":"https:\/\/www.sukain.be\/secondaire\/organisation-de-lannee-scolaire\/#breadcrumb"},"inLanguage":"fr-FR","potentialAction":[{"@type":"ReadAction","target":["https:\/\/www.sukain.be\/secondaire\/organisation-de-lannee-scolaire\/"]}]},{"@type":"BreadcrumbList","@id":"https:\/\/www.sukain.be\/secondaire\/organisation-de-lannee-scolaire\/#breadcrumb","itemListElement":[{"@type":"ListItem","position":1,"name":"Accueil","item":"https:\/\/www.sukain.be\/secondaire\/"},{"@type":"ListItem","position":2,"name":"Agenda"}]},{"@type":"WebSite","@id":"https:\/\/www.sukain.be\/secondaire\/#website","url":"https:\/\/www.sukain.be\/secondaire\/","name":"\u00c9cole secondaire de la Sainte-Union de Kain (Tournai)","description":"Ton avenir entre tes mains","potentialAction":[{"@type":"SearchAction","target":{"@type":"EntryPoint","urlTemplate":"https:\/\/www.sukain.be\/secondaire\/?s={search_term_string}"},"query-input":"required name=search_term_string"}],"inLanguage":"fr-FR"}]}},"_links":{"self":[{"href":"https:\/\/www.sukain.be\/secondaire\/wp-json\/wp\/v2\/pages\/599"}],"collection":[{"href":"https:\/\/www.sukain.be\/secondaire\/wp-json\/wp\/v2\/pages"}],"about":[{"href":"https:\/\/www.sukain.be\/secondaire\/wp-json\/wp\/v2\/types\/page"}],"author":[{"embeddable":true,"href":"https:\/\/www.sukain.be\/secondaire\/wp-json\/wp\/v2\/users\/3"}],"replies":[{"embeddable":true,"href":"https:\/\/www.sukain.be\/secondaire\/wp-json\/wp\/v2\/comments?post=599"}],"version-history":[{"count":4,"href":"https:\/\/www.sukain.be\/secondaire\/wp-json\/wp\/v2\/pages\/599\/revisions"}],"predecessor-version":[{"id":7562,"href":"https:\/\/www.sukain.be\/secondaire\/wp-json\/wp\/v2\/pages\/599\/revisions\/7562"}],"wp:attachment":[{"href":"https:\/\/www.sukain.be\/secondaire\/wp-json\/wp\/v2\/media?parent=599"}],"wp:term":[{"taxonomy":"folder","embeddable":true,"href":"https:\/\/www.sukain.be\/secondaire\/wp-json\/wp\/v2\/folder?post=599"}],"curies":[{"name":"wp","href":"https:\/\/api.w.org\/{rel}","templated":true}]}}

<p><iframe loading="lazy" style="border-width: 0;" src="https://www.google.com/calendar/embed?title=Agenda%20de%20l'%C3%A9cole&amp;showCalendars=0&amp;showTz=0&amp;mode=AGENDA&amp;height=600&amp;wkst=2&amp;bgcolor=%23FFFFFF&amp;src=calendrier%40sukain.be&amp;color=%232952A3&amp;ctz=Europe%2FBrussels" width="755" height="600" frameborder="0" scrolling="no"></iframe></p>
<h1><span style="color: #ff9900; font-size: 18pt;">Les congés de l&rsquo;année scolaire en cours:</span></h1>
<p><span style="font-size: 10pt;">La liste des congés scolaires légaux est disponible sur le site : <a href="http://www.enseignement.be/index.php?page=23953" target="_blank" rel="noopener noreferrer">enseignement.be </a></span></p>

<p>Les congés de l&rsquo;année scolaire en cours: La liste des congés scolaires légaux est disponible sur le site : enseignement.be</p>

<!-- This site is optimized with the Yoast SEO plugin v20.0 - https://yoast.com/wordpress/plugins/seo/ -->
<title>Agenda - École secondaire de la Sainte-Union de Kain (Tournai)</title>
<meta name="robots" content="index, follow, max-snippet:-1, max-image-preview:large, max-video-preview:-1" />
<link rel="canonical" href="https://www.sukain.be/secondaire/organisation-de-lannee-scolaire/" />
<meta property="og:locale" content="fr_FR" />
<meta property="og:type" content="article" />
<meta property="og:title" content="Agenda - École secondaire de la Sainte-Union de Kain (Tournai)" />
<meta property="og:description" content="Les congés de l&rsquo;année scolaire en cours: La liste des congés scolaires légaux est disponible sur le site : enseignement.be" />
<meta property="og:url" content="https://www.sukain.be/secondaire/organisation-de-lannee-scolaire/" />
<meta property="og:site_name" content="École secondaire de la Sainte-Union de Kain (Tournai)" />
<meta property="article:modified_time" content="2023-09-22T09:21:15+00:00" />
<meta name="twitter:label1" content="Durée de lecture estimée" />
	<meta name="twitter:data1" content="1 minute" />
<script type="application/ld+json" class="yoast-schema-graph">{"@context":"https://schema.org","@graph":[{"@type":"WebPage","@id":"https://www.sukain.be/secondaire/organisation-de-lannee-scolaire/","url":"https://www.sukain.be/secondaire/organisation-de-lannee-scolaire/","name":"Agenda - École secondaire de la Sainte-Union de Kain (Tournai)","isPartOf":{"@id":"https://www.sukain.be/secondaire/#website"},"datePublished":"2014-02-10T11:46:01+00:00","dateModified":"2023-09-22T09:21:15+00:00","breadcrumb":{"@id":"https://www.sukain.be/secondaire/organisation-de-lannee-scolaire/#breadcrumb"},"inLanguage":"fr-FR","potentialAction":[{"@type":"ReadAction","target":["https://www.sukain.be/secondaire/organisation-de-lannee-scolaire/"]}]},{"@type":"BreadcrumbList","@id":"https://www.sukain.be/secondaire/organisation-de-lannee-scolaire/#breadcrumb","itemListElement":[{"@type":"ListItem","position":1,"name":"Accueil","item":"https://www.sukain.be/secondaire/"},{"@type":"ListItem","position":2,"name":"Agenda"}]},{"@type":"WebSite","@id":"https://www.sukain.be/secondaire/#website","url":"https://www.sukain.be/secondaire/","name":"École secondaire de la Sainte-Union de Kain (Tournai)","description":"Ton avenir entre tes mains","potentialAction":[{"@type":"SearchAction","target":{"@type":"EntryPoint","urlTemplate":"https://www.sukain.be/secondaire/?s={search_term_string}"},"query-input":"required name=search_term_string"}],"inLanguage":"fr-FR"}]}</script>
<!-- / Yoast SEO plugin. -->

Agenda - École secondaire de la Sainte-Union de Kain (Tournai)

Les congés de l&rsquo;année scolaire en cours: La liste des congés scolaires légaux est disponible sur le site : enseignement.be

École secondaire de la Sainte-Union de Kain (Tournai)
