{"id":35,"date":"2014-01-09T21:40:48","date_gmt":"2014-01-09T20:40:48","guid":{"rendered":"http:\/\/www.sukain.com\/secondaire\/?page_id=35"},"modified":"2022-01-25T08:46:08","modified_gmt":"2022-01-25T06:46:08","slug":"lhoraire-de-la-journee","status":"publish","type":"page","link":"https:\/\/www.sukain.be\/secondaire\/vie-a-l-ecole\/lhoraire-de-la-journee\/","title":{"rendered":"L&rsquo;horaire de la journ\u00e9e"},"content":{"rendered":"<p><strong><span style=\"font-size: 14pt; color: #008080;\">Les cours<\/span><\/strong> sont dispens\u00e9s le lundi, mardi, jeudi et vendredi : de 8h10 \u00e0 12h40 et de 13h25 \u00e0 16h00 et le mercredi : de 8h10 \u00e0 11h50<\/p>\n<p><strong><span style=\"color: #008080; font-size: 14pt;\">L&rsquo;\u00e9tude du soir<\/span><\/strong> est organis\u00e9e le lundi, mardi, jeudi et vendredi de 16h00 \u00e0 17h30.<\/p>\n\n\n<p><\/p>\n","protected":false},"excerpt":{"rendered":"<p>Les cours sont dispens\u00e9s le lundi, mardi, jeudi et vendredi : de 8h10 \u00e0 12h40 et de 13h25 \u00e0 16h00 et le mercredi : de 8h10 \u00e0 11h50 L&rsquo;\u00e9tude du soir est organis\u00e9e le lundi, mardi, jeudi et vendredi de<\/p>\n","protected":false},"author":3,"featured_media":0,"parent":8,"menu_order":200,"comment_status":"closed","ping_status":"open","template":"","meta":{"footnotes":""},"folder":[],"yoast_head":"<!-- This site is optimized with the Yoast SEO plugin v20.0 - https:\/\/yoast.com\/wordpress\/plugins\/seo\/ -->\n<title>L&#039;horaire de la journ\u00e9e - \u00c9cole secondaire de la Sainte-Union de Kain (Tournai)<\/title>\n<meta name=\"robots\" content=\"index, follow, max-snippet:-1, max-image-preview:large, max-video-preview:-1\" \/>\n<link rel=\"canonical\" href=\"https:\/\/www.sukain.be\/secondaire\/vie-a-l-ecole\/lhoraire-de-la-journee\/\" \/>\n<meta property=\"og:locale\" content=\"fr_FR\" \/>\n<meta property=\"og:type\" content=\"article\" \/>\n<meta property=\"og:title\" content=\"L&#039;horaire de la journ\u00e9e - \u00c9cole secondaire de la Sainte-Union de Kain (Tournai)\" \/>\n<meta property=\"og:description\" content=\"Les cours sont dispens\u00e9s le lundi, mardi, jeudi et vendredi : de 8h10 \u00e0 12h40 et de 13h25 \u00e0 16h00 et le mercredi : de 8h10 \u00e0 11h50 L&rsquo;\u00e9tude du soir est organis\u00e9e le lundi, mardi, jeudi et vendredi de\" \/>\n<meta property=\"og:url\" content=\"https:\/\/www.sukain.be\/secondaire\/vie-a-l-ecole\/lhoraire-de-la-journee\/\" \/>\n<meta property=\"og:site_name\" content=\"\u00c9cole secondaire de la Sainte-Union de Kain (Tournai)\" \/>\n<meta property=\"article:modified_time\" content=\"2022-01-25T06:46:08+00:00\" \/>\n<meta name=\"twitter:label1\" content=\"Dur\u00e9e de lecture estim\u00e9e\" \/>\n\t<meta name=\"twitter:data1\" content=\"1 minute\" \/>\n<script type=\"application\/ld+json\" class=\"yoast-schema-graph\">{\"@context\":\"https:\/\/schema.org\",\"@graph\":[{\"@type\":\"WebPage\",\"@id\":\"https:\/\/www.sukain.be\/secondaire\/vie-a-l-ecole\/lhoraire-de-la-journee\/\",\"url\":\"https:\/\/www.sukain.be\/secondaire\/vie-a-l-ecole\/lhoraire-de-la-journee\/\",\"name\":\"L'horaire de la journ\u00e9e - \u00c9cole secondaire de la Sainte-Union de Kain (Tournai)\",\"isPartOf\":{\"@id\":\"https:\/\/www.sukain.be\/secondaire\/#website\"},\"datePublished\":\"2014-01-09T20:40:48+00:00\",\"dateModified\":\"2022-01-25T06:46:08+00:00\",\"breadcrumb\":{\"@id\":\"https:\/\/www.sukain.be\/secondaire\/vie-a-l-ecole\/lhoraire-de-la-journee\/#breadcrumb\"},\"inLanguage\":\"fr-FR\",\"potentialAction\":[{\"@type\":\"ReadAction\",\"target\":[\"https:\/\/www.sukain.be\/secondaire\/vie-a-l-ecole\/lhoraire-de-la-journee\/\"]}]},{\"@type\":\"BreadcrumbList\",\"@id\":\"https:\/\/www.sukain.be\/secondaire\/vie-a-l-ecole\/lhoraire-de-la-journee\/#breadcrumb\",\"itemListElement\":[{\"@type\":\"ListItem\",\"position\":1,\"name\":\"Accueil\",\"item\":\"https:\/\/www.sukain.be\/secondaire\/\"},{\"@type\":\"ListItem\",\"position\":2,\"name\":\"La vie \u00e0 l&rsquo;\u00e9cole\",\"item\":\"https:\/\/www.sukain.be\/secondaire\/vie-a-l-ecole\/\"},{\"@type\":\"ListItem\",\"position\":3,\"name\":\"L&rsquo;horaire de la journ\u00e9e\"}]},{\"@type\":\"WebSite\",\"@id\":\"https:\/\/www.sukain.be\/secondaire\/#website\",\"url\":\"https:\/\/www.sukain.be\/secondaire\/\",\"name\":\"\u00c9cole secondaire de la Sainte-Union de Kain (Tournai)\",\"description\":\"Ton avenir entre tes mains\",\"potentialAction\":[{\"@type\":\"SearchAction\",\"target\":{\"@type\":\"EntryPoint\",\"urlTemplate\":\"https:\/\/www.sukain.be\/secondaire\/?s={search_term_string}\"},\"query-input\":\"required name=search_term_string\"}],\"inLanguage\":\"fr-FR\"}]}<\/script>\n<!-- \/ Yoast SEO plugin. -->","yoast_head_json":{"title":"L'horaire de la journ\u00e9e - \u00c9cole secondaire de la Sainte-Union de Kain (Tournai)","robots":{"index":"index","follow":"follow","max-snippet":"max-snippet:-1","max-image-preview":"max-image-preview:large","max-video-preview":"max-video-preview:-1"},"canonical":"https:\/\/www.sukain.be\/secondaire\/vie-a-l-ecole\/lhoraire-de-la-journee\/","og_locale":"fr_FR","og_type":"article","og_title":"L'horaire de la journ\u00e9e - \u00c9cole secondaire de la Sainte-Union de Kain (Tournai)","og_description":"Les cours sont dispens\u00e9s le lundi, mardi, jeudi et vendredi : de 8h10 \u00e0 12h40 et de 13h25 \u00e0 16h00 et le mercredi : de 8h10 \u00e0 11h50 L&rsquo;\u00e9tude du soir est organis\u00e9e le lundi, mardi, jeudi et vendredi de","og_url":"https:\/\/www.sukain.be\/secondaire\/vie-a-l-ecole\/lhoraire-de-la-journee\/","og_site_name":"\u00c9cole secondaire de la Sainte-Union de Kain (Tournai)","article_modified_time":"2022-01-25T06:46:08+00:00","twitter_misc":{"Dur\u00e9e de lecture estim\u00e9e":"1 minute"},"schema":{"@context":"https:\/\/schema.org","@graph":[{"@type":"WebPage","@id":"https:\/\/www.sukain.be\/secondaire\/vie-a-l-ecole\/lhoraire-de-la-journee\/","url":"https:\/\/www.sukain.be\/secondaire\/vie-a-l-ecole\/lhoraire-de-la-journee\/","name":"L'horaire de la journ\u00e9e - \u00c9cole secondaire de la Sainte-Union de Kain (Tournai)","isPartOf":{"@id":"https:\/\/www.sukain.be\/secondaire\/#website"},"datePublished":"2014-01-09T20:40:48+00:00","dateModified":"2022-01-25T06:46:08+00:00","breadcrumb":{"@id":"https:\/\/www.sukain.be\/secondaire\/vie-a-l-ecole\/lhoraire-de-la-journee\/#breadcrumb"},"inLanguage":"fr-FR","potentialAction":[{"@type":"ReadAction","target":["https:\/\/www.sukain.be\/secondaire\/vie-a-l-ecole\/lhoraire-de-la-journee\/"]}]},{"@type":"BreadcrumbList","@id":"https:\/\/www.sukain.be\/secondaire\/vie-a-l-ecole\/lhoraire-de-la-journee\/#breadcrumb","itemListElement":[{"@type":"ListItem","position":1,"name":"Accueil","item":"https:\/\/www.sukain.be\/secondaire\/"},{"@type":"ListItem","position":2,"name":"La vie \u00e0 l&rsquo;\u00e9cole","item":"https:\/\/www.sukain.be\/secondaire\/vie-a-l-ecole\/"},{"@type":"ListItem","position":3,"name":"L&rsquo;horaire de la journ\u00e9e"}]},{"@type":"WebSite","@id":"https:\/\/www.sukain.be\/secondaire\/#website","url":"https:\/\/www.sukain.be\/secondaire\/","name":"\u00c9cole secondaire de la Sainte-Union de Kain (Tournai)","description":"Ton avenir entre tes mains","potentialAction":[{"@type":"SearchAction","target":{"@type":"EntryPoint","urlTemplate":"https:\/\/www.sukain.be\/secondaire\/?s={search_term_string}"},"query-input":"required name=search_term_string"}],"inLanguage":"fr-FR"}]}},"_links":{"self":[{"href":"https:\/\/www.sukain.be\/secondaire\/wp-json\/wp\/v2\/pages\/35"}],"collection":[{"href":"https:\/\/www.sukain.be\/secondaire\/wp-json\/wp\/v2\/pages"}],"about":[{"href":"https:\/\/www.sukain.be\/secondaire\/wp-json\/wp\/v2\/types\/page"}],"author":[{"embeddable":true,"href":"https:\/\/www.sukain.be\/secondaire\/wp-json\/wp\/v2\/users\/3"}],"replies":[{"embeddable":true,"href":"https:\/\/www.sukain.be\/secondaire\/wp-json\/wp\/v2\/comments?post=35"}],"version-history":[{"count":1,"href":"https:\/\/www.sukain.be\/secondaire\/wp-json\/wp\/v2\/pages\/35\/revisions"}],"predecessor-version":[{"id":6754,"href":"https:\/\/www.sukain.be\/secondaire\/wp-json\/wp\/v2\/pages\/35\/revisions\/6754"}],"up":[{"embeddable":true,"href":"https:\/\/www.sukain.be\/secondaire\/wp-json\/wp\/v2\/pages\/8"}],"wp:attachment":[{"href":"https:\/\/www.sukain.be\/secondaire\/wp-json\/wp\/v2\/media?parent=35"}],"wp:term":[{"taxonomy":"folder","embeddable":true,"href":"https:\/\/www.sukain.be\/secondaire\/wp-json\/wp\/v2\/folder?post=35"}],"curies":[{"name":"wp","href":"https:\/\/api.w.org\/{rel}","templated":true}]}}

L&rsquo;horaire de la journée

<p><strong><span style="font-size: 14pt; color: #008080;">Les cours</span></strong> sont dispensés le lundi, mardi, jeudi et vendredi : de 8h10 à 12h40 et de 13h25 à 16h00 et le mercredi : de 8h10 à 11h50</p>
<p><strong><span style="color: #008080; font-size: 14pt;">L&rsquo;étude du soir</span></strong> est organisée le lundi, mardi, jeudi et vendredi de 16h00 à 17h30.</p>


<p></p>

<p>Les cours sont dispensés le lundi, mardi, jeudi et vendredi : de 8h10 à 12h40 et de 13h25 à 16h00 et le mercredi : de 8h10 à 11h50 L&rsquo;étude du soir est organisée le lundi, mardi, jeudi et vendredi de</p>

<!-- This site is optimized with the Yoast SEO plugin v20.0 - https://yoast.com/wordpress/plugins/seo/ -->
<title>L&#039;horaire de la journée - École secondaire de la Sainte-Union de Kain (Tournai)</title>
<meta name="robots" content="index, follow, max-snippet:-1, max-image-preview:large, max-video-preview:-1" />
<link rel="canonical" href="https://www.sukain.be/secondaire/vie-a-l-ecole/lhoraire-de-la-journee/" />
<meta property="og:locale" content="fr_FR" />
<meta property="og:type" content="article" />
<meta property="og:title" content="L&#039;horaire de la journée - École secondaire de la Sainte-Union de Kain (Tournai)" />
<meta property="og:description" content="Les cours sont dispensés le lundi, mardi, jeudi et vendredi : de 8h10 à 12h40 et de 13h25 à 16h00 et le mercredi : de 8h10 à 11h50 L&rsquo;étude du soir est organisée le lundi, mardi, jeudi et vendredi de" />
<meta property="og:url" content="https://www.sukain.be/secondaire/vie-a-l-ecole/lhoraire-de-la-journee/" />
<meta property="og:site_name" content="École secondaire de la Sainte-Union de Kain (Tournai)" />
<meta property="article:modified_time" content="2022-01-25T06:46:08+00:00" />
<meta name="twitter:label1" content="Durée de lecture estimée" />
	<meta name="twitter:data1" content="1 minute" />
<script type="application/ld+json" class="yoast-schema-graph">{"@context":"https://schema.org","@graph":[{"@type":"WebPage","@id":"https://www.sukain.be/secondaire/vie-a-l-ecole/lhoraire-de-la-journee/","url":"https://www.sukain.be/secondaire/vie-a-l-ecole/lhoraire-de-la-journee/","name":"L'horaire de la journée - École secondaire de la Sainte-Union de Kain (Tournai)","isPartOf":{"@id":"https://www.sukain.be/secondaire/#website"},"datePublished":"2014-01-09T20:40:48+00:00","dateModified":"2022-01-25T06:46:08+00:00","breadcrumb":{"@id":"https://www.sukain.be/secondaire/vie-a-l-ecole/lhoraire-de-la-journee/#breadcrumb"},"inLanguage":"fr-FR","potentialAction":[{"@type":"ReadAction","target":["https://www.sukain.be/secondaire/vie-a-l-ecole/lhoraire-de-la-journee/"]}]},{"@type":"BreadcrumbList","@id":"https://www.sukain.be/secondaire/vie-a-l-ecole/lhoraire-de-la-journee/#breadcrumb","itemListElement":[{"@type":"ListItem","position":1,"name":"Accueil","item":"https://www.sukain.be/secondaire/"},{"@type":"ListItem","position":2,"name":"La vie à l&rsquo;école","item":"https://www.sukain.be/secondaire/vie-a-l-ecole/"},{"@type":"ListItem","position":3,"name":"L&rsquo;horaire de la journée"}]},{"@type":"WebSite","@id":"https://www.sukain.be/secondaire/#website","url":"https://www.sukain.be/secondaire/","name":"École secondaire de la Sainte-Union de Kain (Tournai)","description":"Ton avenir entre tes mains","potentialAction":[{"@type":"SearchAction","target":{"@type":"EntryPoint","urlTemplate":"https://www.sukain.be/secondaire/?s={search_term_string}"},"query-input":"required name=search_term_string"}],"inLanguage":"fr-FR"}]}</script>
<!-- / Yoast SEO plugin. -->

L'horaire de la journée - École secondaire de la Sainte-Union de Kain (Tournai)

Les cours sont dispensés le lundi, mardi, jeudi et vendredi : de 8h10 à 12h40 et de 13h25 à 16h00 et le mercredi : de 8h10 à 11h50 L&rsquo;étude du soir est organisée le lundi, mardi, jeudi et vendredi de

École secondaire de la Sainte-Union de Kain (Tournai)

La vie à l&rsquo;école
