{"id":1622,"date":"2023-05-23T10:54:21","date_gmt":"2023-05-23T08:54:21","guid":{"rendered":"https:\/\/www.sukain.be\/fondamental\/?page_id=1622"},"modified":"2025-07-06T20:27:29","modified_gmt":"2025-07-06T18:27:29","slug":"ecole-primaire","status":"publish","type":"page","link":"https:\/\/www.sukain.be\/fondamental\/ecole-primaire\/","title":{"rendered":"Section primaire"},"content":{"rendered":"\n<p>L\u2019\u00e9l\u00e8ve de la <strong>section primaire<\/strong> doit fr\u00e9quenter tous les cours chaque jour.<\/p>\n\n\n\n<p>Ouverture de l\u2019\u00e9cole : une garderie est organis\u00e9e \u00e0 l&#8217;\u00e9cole maternelle \u00e0 partir de 7h00 pour les parents, qui pour des raisons professionnelles, souhaitent d\u00e9poser leur enfant avant 7h30.<\/p>\n\n\n\n<p>A partir de 7h30, les enfants sont invit\u00e9s \u00e0 se rendre \u00e0 la grande \u00e9cole (dans la salle bleue).<\/p>\n\n\n\n<p>Sonnerie : 8h25<\/p>\n\n\n\n<p>D\u00e9but des cours : 8h30<\/p>\n\n\n\n<p>Fin des cours : 12h10<\/p>\n\n\n\n<p>Repas de 12h10 \u00e0 12h40<\/p>\n\n\n\n<p>D\u00e9but des cours (apr\u00e8s-midi) : 13h30<\/p>\n\n\n\n<p>R\u00e9cr\u00e9ation de 15h10 \u00e0 15h30<\/p>\n\n\n\n<p>Fin des cours : 15h30<\/p>\n\n\n\n<p>R\u00e9cr\u00e9ation jusque 16h00<\/p>\n\n\n\n<p><span style=\"font-size: revert;\">\u00c9tude dirig\u00e9e le lundi, le mardi, et le jeudi de 16h00 \u00e0 17h00<\/span><\/p>\n\n\n\n<p>Possibilit\u00e9 de garderie dans l\u2019implantation maternelle jusque 18h le lundi, le mardi, le jeudi et le vendredi.<\/p>\n","protected":false},"excerpt":{"rendered":"<p>L\u2019\u00e9l\u00e8ve de la section primaire doit fr\u00e9quenter tous les cours chaque jour. Ouverture de l\u2019\u00e9cole : une garderie est organis\u00e9e \u00e0 l&#8217;\u00e9cole maternelle \u00e0 partir de 7h00 pour les parents, qui pour des raisons professionnelles, souhaitent d\u00e9poser leur enfant avant<\/p>\n","protected":false},"author":5,"featured_media":0,"parent":0,"menu_order":0,"comment_status":"closed","ping_status":"closed","template":"","meta":[],"_links":{"self":[{"href":"https:\/\/www.sukain.be\/fondamental\/wp-json\/wp\/v2\/pages\/1622"}],"collection":[{"href":"https:\/\/www.sukain.be\/fondamental\/wp-json\/wp\/v2\/pages"}],"about":[{"href":"https:\/\/www.sukain.be\/fondamental\/wp-json\/wp\/v2\/types\/page"}],"author":[{"embeddable":true,"href":"https:\/\/www.sukain.be\/fondamental\/wp-json\/wp\/v2\/users\/5"}],"replies":[{"embeddable":true,"href":"https:\/\/www.sukain.be\/fondamental\/wp-json\/wp\/v2\/comments?post=1622"}],"version-history":[{"count":7,"href":"https:\/\/www.sukain.be\/fondamental\/wp-json\/wp\/v2\/pages\/1622\/revisions"}],"predecessor-version":[{"id":1679,"href":"https:\/\/www.sukain.be\/fondamental\/wp-json\/wp\/v2\/pages\/1622\/revisions\/1679"}],"wp:attachment":[{"href":"https:\/\/www.sukain.be\/fondamental\/wp-json\/wp\/v2\/media?parent=1622"}],"curies":[{"name":"wp","href":"https:\/\/api.w.org\/{rel}","templated":true}]}}

<p>L’élève de la <strong>section primaire</strong> doit fréquenter tous les cours chaque jour.</p>



<p>Ouverture de l’école : une garderie est organisée à l&#8217;école maternelle à partir de 7h00 pour les parents, qui pour des raisons professionnelles, souhaitent déposer leur enfant avant 7h30.</p>



<p>A partir de 7h30, les enfants sont invités à se rendre à la grande école (dans la salle bleue).</p>



<p>Sonnerie : 8h25</p>



<p>Début des cours : 8h30</p>



<p>Fin des cours : 12h10</p>



<p>Repas de 12h10 à 12h40</p>



<p>Début des cours (après-midi) : 13h30</p>



<p>Récréation de 15h10 à 15h30</p>



<p>Fin des cours : 15h30</p>



<p>Récréation jusque 16h00</p>



<p><span style="font-size: revert;">Étude dirigée le lundi, le mardi, et le jeudi de 16h00 à 17h00</span></p>



<p>Possibilité de garderie dans l’implantation maternelle jusque 18h le lundi, le mardi, le jeudi et le vendredi.</p>

<p>L’élève de la section primaire doit fréquenter tous les cours chaque jour. Ouverture de l’école : une garderie est organisée à l&#8217;école maternelle à partir de 7h00 pour les parents, qui pour des raisons professionnelles, souhaitent déposer leur enfant avant</p>
