{"id":1404,"date":"2022-02-11T11:29:47","date_gmt":"2022-02-11T10:29:47","guid":{"rendered":"https:\/\/www.sukain.be\/fondamental\/?page_id=1404"},"modified":"2023-05-23T10:52:40","modified_gmt":"2023-05-23T08:52:40","slug":"accueil","status":"publish","type":"page","link":"https:\/\/www.sukain.be\/fondamental\/","title":{"rendered":"\u00c9cole Enseignement Fondamental Kain (Tournai)"},"content":{"rendered":"\n<figure class=\"wp-block-image size-full\"><a href=\"http:\/\/www.sukain.be\/fondamental\/wp-content\/uploads\/2022\/09\/suk-fondamental-logo-4.pdf\"><img src=\"http:\/\/www.sukain.be\/fondamental\/wp-content\/uploads\/2022\/09\/suk-fondamental-logo-4.pdf\" alt=\"\" class=\"wp-image-1572\"\/><\/a><\/figure>\n\n\n\n<h2 class=\"has-text-align-center\"><strong>Bienvenue \u00e0 l\u2019\u00e9cole fondamentale de la Sainte-Union de Kain&nbsp;!<\/strong><\/h2>\n\n\n\n<h3>Une \u00e9cole :<\/h3>\n\n\n\n<ul><li><em>dans un cadre rural et verdoyant.<\/em><\/li><li><em>o\u00f9 chaque enfant trouve sa place.<\/em><\/li><li><em>porteuse de projets.<\/em><\/li><li><em>empreinte de valeurs humaines.<\/em><\/li><li><em>tourn\u00e9e vers l\u2019avenir.<\/em><\/li><li><em>proposant des services adapt\u00e9s aux besoins des enfants et des parents.<\/em><\/li><\/ul>\n\n\n\n<p class=\"has-text-align-right\"><em>N\u2019h\u00e9site pas \u00e0 nous rejoindre&nbsp;!<\/em><\/p>\n\n\n\n<figure class=\"wp-block-embed is-type-video is-provider-youtube wp-block-embed-youtube wp-embed-aspect-16-9 wp-has-aspect-ratio\"><div class=\"wp-block-embed__wrapper\">\n<iframe loading=\"lazy\" title=\"Sainte Union de Kain - Fondamental - promotion 2022 2023\" width=\"720\" height=\"405\" src=\"https:\/\/www.youtube.com\/embed\/JBUgHVr-nTs?feature=oembed\" frameborder=\"0\" allow=\"accelerometer; autoplay; clipboard-write; encrypted-media; gyroscope; picture-in-picture\" allowfullscreen><\/iframe>\n<\/div><\/figure>\n","protected":false},"excerpt":{"rendered":"<p>Bienvenue \u00e0 l\u2019\u00e9cole fondamentale de la Sainte-Union de Kain&nbsp;! Une \u00e9cole : dans un cadre rural et verdoyant. o\u00f9 chaque enfant trouve sa place. porteuse de projets. empreinte de valeurs humaines. tourn\u00e9e vers l\u2019avenir. proposant des services adapt\u00e9s aux besoins<\/p>\n","protected":false},"author":1,"featured_media":0,"parent":0,"menu_order":0,"comment_status":"closed","ping_status":"closed","template":"","meta":[],"_links":{"self":[{"href":"https:\/\/www.sukain.be\/fondamental\/wp-json\/wp\/v2\/pages\/1404"}],"collection":[{"href":"https:\/\/www.sukain.be\/fondamental\/wp-json\/wp\/v2\/pages"}],"about":[{"href":"https:\/\/www.sukain.be\/fondamental\/wp-json\/wp\/v2\/types\/page"}],"author":[{"embeddable":true,"href":"https:\/\/www.sukain.be\/fondamental\/wp-json\/wp\/v2\/users\/1"}],"replies":[{"embeddable":true,"href":"https:\/\/www.sukain.be\/fondamental\/wp-json\/wp\/v2\/comments?post=1404"}],"version-history":[{"count":10,"href":"https:\/\/www.sukain.be\/fondamental\/wp-json\/wp\/v2\/pages\/1404\/revisions"}],"predecessor-version":[{"id":1619,"href":"https:\/\/www.sukain.be\/fondamental\/wp-json\/wp\/v2\/pages\/1404\/revisions\/1619"}],"wp:attachment":[{"href":"https:\/\/www.sukain.be\/fondamental\/wp-json\/wp\/v2\/media?parent=1404"}],"curies":[{"name":"wp","href":"https:\/\/api.w.org\/{rel}","templated":true}]}}